{"id":275,"date":"2024-07-23T23:49:56","date_gmt":"2024-07-23T20:49:56","guid":{"rendered":"https:\/\/tosyaplastik.com\/?post_type=product&#038;p=275"},"modified":"2026-01-24T20:55:54","modified_gmt":"2026-01-24T17:55:54","slug":"renkli-plastik-dirsekler","status":"publish","type":"product","link":"https:\/\/tosyaplastik.com\/?product=renkli-plastik-dirsekler","title":{"rendered":"RENKL\u0130 POL\u0130ET\u0130LEN D\u0130RSEK SER\u0130S\u0130"},"content":{"rendered":"<p>DI\u015e \u00c7API\u00a0 \u00a0 \u00a0 \u00a0 \u00a0 \u00a0 \u00a0:\u00a0 \u00a020\u00a0 \u00a0MM<\/p>\n<p>DEL\u0130K \u0130\u00c7 \u00c7API :\u00a0 \u00a019\u00a0 \u00a0MM<\/p>\n<p>PAKET\u0130\u00a0 \u00a0 \u00a0 \u00a0 \u00a0 \u00a0 \u00a0 : 1000 AD<\/p>\n<p>1000 AD\u00a0 \u00a0 \u00a0 \u00a0 \u00a0 \u00a0 : 9 KG<\/p>\n<p>NOT:\u00a0 \u00a0 ESNEK\u00a0 OLUP KIRILMA, YARILMA, \u00c7ATLAMA YAPMAZLAR.<\/p>\n<p>&nbsp;<\/p>\n","protected":false},"excerpt":{"rendered":"<p>DI\u015e \u00c7API\u00a0 \u00a0 \u00a0 \u00a0 \u00a0 \u00a0 \u00a0:\u00a0 \u00a020\u00a0 \u00a0MM DEL\u0130K \u0130\u00c7 \u00c7API :\u00a0 \u00a019\u00a0 \u00a0MM PAKET\u0130\u00a0 \u00a0 \u00a0 \u00a0 \u00a0 \u00a0 \u00a0 : 1000 AD 1000 AD\u00a0 \u00a0 \u00a0 \u00a0 \u00a0 \u00a0 : 9 KG NOT:\u00a0 \u00a0 ESNEK\u00a0 OLUP KIRILMA, YARILMA, \u00c7ATLAMA YAPMAZLAR. &nbsp;<\/p>\n","protected":false},"featured_media":1272,"comment_status":"open","ping_status":"closed","template":"","meta":[],"product_cat":[18],"product_tag":[46,33,31,32],"class_list":{"0":"post-275","1":"product","2":"type-product","3":"status-publish","4":"has-post-thumbnail","6":"product_cat-dirsek","7":"product_tag-gri","8":"product_tag-mavi","9":"product_tag-renkli","10":"product_tag-turuncu","12":"first","13":"instock","14":"sale","15":"taxable","16":"shipping-taxable","17":"purchasable","18":"product-type-variable","19":"has-default-attributes"},"jetpack_sharing_enabled":true,"_links":{"self":[{"href":"https:\/\/tosyaplastik.com\/index.php?rest_route=\/wp\/v2\/product\/275","targetHints":{"allow":["GET"]}}],"collection":[{"href":"https:\/\/tosyaplastik.com\/index.php?rest_route=\/wp\/v2\/product"}],"about":[{"href":"https:\/\/tosyaplastik.com\/index.php?rest_route=\/wp\/v2\/types\/product"}],"replies":[{"embeddable":true,"href":"https:\/\/tosyaplastik.com\/index.php?rest_route=%2Fwp%2Fv2%2Fcomments&post=275"}],"wp:featuredmedia":[{"embeddable":true,"href":"https:\/\/tosyaplastik.com\/index.php?rest_route=\/wp\/v2\/media\/1272"}],"wp:attachment":[{"href":"https:\/\/tosyaplastik.com\/index.php?rest_route=%2Fwp%2Fv2%2Fmedia&parent=275"}],"wp:term":[{"taxonomy":"product_cat","embeddable":true,"href":"https:\/\/tosyaplastik.com\/index.php?rest_route=%2Fwp%2Fv2%2Fproduct_cat&post=275"},{"taxonomy":"product_tag","embeddable":true,"href":"https:\/\/tosyaplastik.com\/index.php?rest_route=%2Fwp%2Fv2%2Fproduct_tag&post=275"}],"curies":[{"name":"wp","href":"https:\/\/api.w.org\/{rel}","templated":true}]}}