{"id":176,"date":"2024-07-23T23:22:56","date_gmt":"2024-07-23T20:22:56","guid":{"rendered":"https:\/\/tosyaplastik.com\/?post_type=product&#038;p=176"},"modified":"2026-01-24T21:44:39","modified_gmt":"2026-01-24T18:44:39","slug":"siyah-renk-kangal-boru-serisi","status":"publish","type":"product","link":"https:\/\/tosyaplastik.com\/?product=siyah-renk-kangal-boru-serisi","title":{"rendered":"S\u0130YAH RENK POL\u0130ET\u0130LEN KANGAL BORU SER\u0130S\u0130"},"content":{"rendered":"<p><strong>G\u00d6NDER\u0130MLER\u0130M\u0130Z :\u00a0 \u00a0 \u00a0 ANLA\u015eMALI\u00a0 KARGO\u00a0 \u0130LE \u00d6N \u00d6DEMEL\u0130 VE KAPIDA \u00d6DEMEL\u0130\u00a0 G\u00d6NDER\u0130MLER\u0130M\u0130Z\u00a0 VARDIR.\u00a0<\/strong><\/p>\n<p><strong>TOPLU ALIMLARDA AMBAR \u0130LE G\u00d6NDER\u0130MLER\u0130M\u0130Z MEVCUTTUR.<\/strong><\/p>\n","protected":false},"excerpt":{"rendered":"<p>G\u00d6NDER\u0130MLER\u0130M\u0130Z :\u00a0 \u00a0 \u00a0 ANLA\u015eMALI\u00a0 KARGO\u00a0 \u0130LE \u00d6N \u00d6DEMEL\u0130 VE KAPIDA \u00d6DEMEL\u0130\u00a0 G\u00d6NDER\u0130MLER\u0130M\u0130Z\u00a0 VARDIR.\u00a0 TOPLU ALIMLARDA AMBAR \u0130LE G\u00d6NDER\u0130MLER\u0130M\u0130Z MEVCUTTUR.<\/p>\n","protected":false},"featured_media":1306,"comment_status":"open","ping_status":"closed","template":"","meta":[],"product_cat":[36],"product_tag":[],"class_list":{"0":"post-176","1":"product","2":"type-product","3":"status-publish","4":"has-post-thumbnail","6":"product_cat-kangal-boru","8":"first","9":"instock","10":"sale","11":"taxable","12":"shipping-taxable","13":"purchasable","14":"product-type-variable","15":"has-default-attributes"},"jetpack_sharing_enabled":true,"_links":{"self":[{"href":"https:\/\/tosyaplastik.com\/index.php?rest_route=\/wp\/v2\/product\/176","targetHints":{"allow":["GET"]}}],"collection":[{"href":"https:\/\/tosyaplastik.com\/index.php?rest_route=\/wp\/v2\/product"}],"about":[{"href":"https:\/\/tosyaplastik.com\/index.php?rest_route=\/wp\/v2\/types\/product"}],"replies":[{"embeddable":true,"href":"https:\/\/tosyaplastik.com\/index.php?rest_route=%2Fwp%2Fv2%2Fcomments&post=176"}],"wp:featuredmedia":[{"embeddable":true,"href":"https:\/\/tosyaplastik.com\/index.php?rest_route=\/wp\/v2\/media\/1306"}],"wp:attachment":[{"href":"https:\/\/tosyaplastik.com\/index.php?rest_route=%2Fwp%2Fv2%2Fmedia&parent=176"}],"wp:term":[{"taxonomy":"product_cat","embeddable":true,"href":"https:\/\/tosyaplastik.com\/index.php?rest_route=%2Fwp%2Fv2%2Fproduct_cat&post=176"},{"taxonomy":"product_tag","embeddable":true,"href":"https:\/\/tosyaplastik.com\/index.php?rest_route=%2Fwp%2Fv2%2Fproduct_tag&post=176"}],"curies":[{"name":"wp","href":"https:\/\/api.w.org\/{rel}","templated":true}]}}